9 is divided by 15.
14
Calculate the remainder when 113 is divided by 10.
3
Calculate the remainder when 1991 is divided by 60.
11
Calculate the remainder when 509 is divided by 25.
9
Calculate the remainder when 1254 is divided by 34.
30
What is the remainder when 522 is divided by 8?
2
What is the remainder when 773 is divided by 30?
23
What is the remainder when 227 is divided by 44?
7
What is the remainder when 588 is divided by 288?
12
Calculate the remainder when 646 is divided by 313.
20
Calculate the remainder when 283 is divided by 49.
38
Calculate the remainder when 20019 is divided by 141.
138
Calculate the remainder when 748 is divided by 113.
70
What is the remainder when 3570 is divided by 19?
17
What is the remainder when 23 is divided by 20?
3
Calculate the remainder when 340 is divided by 90.
70
Calculate the remainder when 308 is divided by 78.
74
What is the remainder when 949 is divided by 68?
65
Calculate the remainder when 122 is divided by 117.
5
Calculate the remainder when 5647 is divided by 10.
7
What is the remainder when 401 is divided by 101?
98
What is the remainder when 243 is divided by 17?
5
Calculate the remainder when 1230 is divided by 408.
6
What is the remainder when 4024 is divided by 1341?
1
What is the remainder when 915 is divided by 230?
225
Calculate the remainder when 2208 is divided by 731.
15
Calculate the remainder when 107 is divided by 47.
13
What is the remainder when 9522 is divided by 25?
22
What is the remainder when 482 is divided by 18?
14
What is the remainder when 300 is divided by 7?
6
Calculate the remainder when 679 is divided by 34.
33
Calculate the remainder when 196 is divided by 33.
31
What is the remainder when 94 is divided by 21?
10
What is the remainder when 8744 is divided by 3?
2
Calculate the remainder when 3037 is divided by 8.
5
Calculate the remainder when 5079 is divided by 121.
118
Calculate the remainder when 1221 is divided by 7.
3
Calculate the remainder when 258 is divided by 5.
3
What is the remainder when 1245 is divided by 414?
3
Calculate the remainder when 1033 is divided by 148.
145
Calculate the remainder when 172 is divided by 79.
14
What is the remainder when 258 is divided by 207?
51
What is the remainder when 1313 is divided by 16?
1
Calculate the remainder when 322 is divided by 9.
7
Calculate the remainder when 131 is divided by 5.
1
What is the remainder when 1941 is divided by 643?
12
Calculate the remainder when 133 is divided by 27.
25
What is the remainder when 84 is divided by 43?
41
Calculate the remainder when 2622 is divided by 2611.
11
Calculate the remainder when 15353 is divided by 30.
23
What is the remainder when 116 is divided by 19?
2
What is the remainder when 407 is divided by 82?
79
What is the remainder when 881 is divided by 128?
113
What is the remainder when 51 is divided by 9?
6
What is the remainder when 706 is divided by 29?
10
What is the remainder when 6811 is divided by 24?
19
What is the remainder when 34 is divided by 14?
6
What is the remainder when 272 is divided by 91?
90
Calculate the remainder when 1176 is divided by 11.
10
What is the remainder when 1045 is divided by 30?
25
Calculate the remainder when 151 is divided by 4.
3
What is the remainder when 161 is divided by 52?
5
Calculate the remainder when 2341 is divided by 50.
41
What is the remainder when 57 is divided by 25?
7
What is the remainder when 2085 is divided by 138?
15
What is the remainder when 115 is divided by 62?
53
Calculate the remainder when 7805 is divided by 37.
35
Calculate the remainder when 3769 is divided by 377.
376
What is the remainder when 597 is divided by 87?
75
What is the remainder when 671 is divided by 27?
23
What is the remainder when 307 is divided by 17?
1
Calculate the remainder when 5761 is divided by 67.
66
Calculate the remainder when 432 is divided by 111.
99
Calculate the remainder when 1046 is divided by 70.
66
Calculate the remainder when 13 is divided by 12.
1
Calculate the remainder when 35 is divided by 9.
8
What is the remainder when 611 is divided by 186?
53
Calculate the remainder when 15 is divided by 9.
6
What is the remainder when 654 is divided by 51?
42
What is the remainder when 191 is divided by 12?
11
Calculate the remainder when 610 is divided by 41.
36
What is the remainder when 208 is divided by 35?
33
What is the remainder when 805 is divided by 14?
7
What is the remainder when 751 is divided by 395?
356
Calculate the remainder when 88 is divided by 23.
19
What is the remainder when 667 is divided by 30?
7
Calculate the remainder when 595 is divided by 178.
61
Calculate the remainder when 73 is divided by 4.
1
What is the remainder when 195 is divided by 33?
30
Calculate the remainder when 197 is divided by 40.
37
What is the remainder when 893 is divided by 153?
128
What is the remainder when 188 is divided by 95?
93
Calculate the remainder when 3334 is divided by 115.
114
What is the remainder when 95 is divided by 21?
11
Calculate the remainder when 6163 is divided by 2.
1
Calculate the remainder when 15599 is divided by 48.
47
What is the remainder when 271 is divided by 33?
7
What is the remainder when 6669 is divided by 48?
45
Calculate the remainder when 541 is divided by 175.
16
What is the remainder when 1173 is divided by 49?
46
What is the remainder when 172 is divided by 4?
0
What is the remainder when 50 is divided by 41?
9
What is the remainder when 438 is divided by 44?
42
What is the remainder when 156 is divided by 41?
33
What is the remainder when 119 is divided by 42?
35
Calculate the remainder when 203 is divided by 32.
11
Calculate the remainder when 4133 is divided by 78.
77
Calculate the remainder when 322 is divided by 84.
70
What is the remainder when 1561 is divided by 34?
31
Calculate the remainder when 5898 is divided by 118.
116
What is the remainder when 202 is divided by 41?
38
Calculate the remainder when 1278 is divided by 41.
7
Calculate the remainder when 504 is divided by 101.
100
Calculate the remainder when 1548 is divided by 47.
44
What is the remainder when 3569 is divided by 14?
13
What is the remainder when 3262 is divided by 19?
13
What is the remainder when 85 is divided by 32?
21
What is the remainder when 241 is divided by 51?
37
What is the remainder when 2921 is divided by 75?
71
Calculate the remainder when 857 is divided by 66.
65
Calculate the remainder when 3099 is divided by 29.
25
What is the remainder when 429 is divided by 8?
5
What is the remainder when 1623 is divided by 109?
97
Calculate the remainder when 1424 is divided by 95.
94
Calculate the remainder when 2367 is divided by 25.
17
Calculate the remainder when 315 is divided by 6.
3
What is the remainder when 373 is divided by 79?
57
What is the remainder when 398 is divided by 97?
10
Calculate the remainder when 656 is divided by 60.
56
Calculate the remainder when 416 is divided by 57.
17
What is the remainder when 27 is divided by 26?
1
What is the remainder when 277 is divided by 40?
37
Calculate the remainder when 365 is divided by 46.
43
What is the remainder when 158 is divided by 42?
32
Calculate the remainder when 1779 is divided by 104.
11
Calculate the remainder when 914 is divided by 153.
149
Calculate the remainder when 178 is divided by 42.
10
What is the remainder when 734 is divided by 32?
30
What is the remainder when 10802 is divided by 13?
12
Calculate the remainder when 115 is divided by 43.
29
Calculate the remainder when 96 is divided by 5.
1
Calculate the remainder when 191 is divided by 38.
1
What is the remainder when 292 is divided by 22?
6
What is the remainder when 154 is divided by 12?
10
Calculate the remainder when 442 is divided by 213.
16
Calculate the remainder when 684 is divided by 86.
82
What is the remainder when 436 is divided by 49?
44
What is the remainder when 100 is divided by 15?
10
Calculate the remainder when 1950 is divided by 47.
23
Calculate the remainder when 1894 is divided by 26.
22
What is the remainder when 41 is divided by 10?
1
Calculate the remainder when 292 is divided by 50.
42
What is the remainder when 159 is divided by 6?
3
What is the remainder when 17 is divided by 14?
3
What is the remainder when 210 is divided by 44?
34